 a multiple of 43?
True
Is 510 a multiple of 17?
True
Does 9 divide 32715?
True
Is 607 a multiple of 63?
False
Does 4 divide 5196?
True
Does 32 divide 704?
True
Is 7 a factor of 238?
True
Does 13 divide 234?
True
Does 11 divide 641?
False
Does 27 divide 433?
False
Is 156 a factor of 4774?
False
Is 13578 a multiple of 55?
False
Does 20 divide 71612?
False
Is 5 a factor of 335?
True
Is 39 a factor of 1031?
False
Is 16812 a multiple of 36?
True
Does 9 divide 288?
True
Is 1781 a multiple of 13?
True
Is 745 a multiple of 20?
False
Is 4 a factor of 2456?
True
Is 5 a factor of 446?
False
Is 82 a multiple of 15?
False
Is 100 a factor of 9418?
False
Is 11 a factor of 7993?
False
Does 31 divide 1237?
False
Is 48 a factor of 2288?
False
Is 1188 a multiple of 3?
True
Is 1434 a multiple of 29?
False
Is 1089 a multiple of 20?
False
Is 5 a factor of 4720?
True
Does 47 divide 3008?
True
Is 14535 a multiple of 22?
False
Is 30975 a multiple of 15?
True
Is 288 a multiple of 18?
True
Is 15624 a multiple of 28?
True
Does 7 divide 154?
True
Is 269 a multiple of 28?
False
Is 59 a factor of 101277?
False
Does 6 divide 2723?
False
Does 22 divide 55308?
True
Is 740 a multiple of 74?
True
Does 11 divide 4730?
True
Is 20458 a multiple of 45?
False
Is 2738 a multiple of 15?
False
Is 25 a factor of 75?
True
Is 13870 a multiple of 73?
True
Is 4422 a multiple of 21?
False
Does 3 divide 36?
True
Does 17 divide 415?
False
Is 1400 a multiple of 56?
True
Is 22 a factor of 35420?
True
Is 1107 a multiple of 41?
True
Does 69 divide 68724?
True
Is 38 a factor of 76?
True
Does 49 divide 831?
False
Is 22 a factor of 1144?
True
Is 96 a factor of 2575?
False
Is 80 a multiple of 16?
True
Is 13771 a multiple of 24?
False
Is 93 a factor of 80910?
True
Does 10 divide 3158?
False
Is 4427 a multiple of 12?
False
Is 449 a multiple of 5?
False
Is 3 a factor of 3360?
True
Is 561 a multiple of 33?
True
Is 125 a factor of 19875?
True
Is 10 a factor of 94760?
True
Is 38 a factor of 228?
True
Does 12 divide 2371?
False
Is 4592 a multiple of 34?
False
Does 93 divide 2852?
False
Does 14 divide 1342?
False
Does 110 divide 12650?
True
Does 21 divide 346?
False
Is 18 a factor of 69?
False
Does 12 divide 133?
False
Is 582 a multiple of 6?
True
Does 9 divide 1482?
False
Is 10 a factor of 717?
False
Does 60 divide 6982?
False
Does 53 divide 41384?
False
Does 22 divide 1342?
True
Is 11 a factor of 13277?
True
Does 8 divide 103?
False
Is 15 a factor of 270?
True
Is 207 a multiple of 5?
False
Does 28 divide 1128?
False
Is 87 a multiple of 2?
False
Is 10801 a multiple of 33?
False
Does 44 divide 6072?
True
Is 70 a factor of 111?
False
Is 12372 a multiple of 4?
True
Is 720 a multiple of 42?
False
Does 71 divide 42174?
True
Is 23 a factor of 1202?
False
Is 11084 a multiple of 34?
True
Is 6844 a multiple of 29?
True
Does 78 divide 6063?
False
Is 1003 a multiple of 59?
True
Does 82 divide 7626?
True
Is 9 a factor of 4112?
False
Is 5358 a multiple of 144?
False
Is 5312 a multiple of 83?
True
Does 6 divide 5496?
True
Is 24 a factor of 6096?
True
Is 33 a factor of 12625?
False
Does 21 divide 8660?
False
Is 57 a factor of 6080?
False
Does 19 divide 3641?
False
Is 5 even?
False
Is 2744 a multiple of 43?
False
Is 1053 a multiple of 2?
False
Is 33 a factor of 1138?
False
Is 66 a multiple of 22?
True
Is 54 a factor of 61351?
False
Does 4 divide 15010?
False
Is 16 a factor of 35488?
True
Is 46 a factor of 14993?
False
Does 35 divide 4060?
True
Does 9 divide 1173?
False
Is 14 a factor of 364?
True
Is 51 a factor of 35401?
False
Is 9 a factor of 1530?
True
Does 60 divide 300?
True
Does 2 divide 335?
False
Does 7 divide 749?
True
Does 2 divide 346?
True
Does 104 divide 7309?
False
Is 8 a factor of 96?
True
Is 576 a multiple of 6?
True
Is 12 a factor of 12335?
False
Is 18 a factor of 129888?
True
Is 42735 a multiple of 35?
True
Does 11 divide 583?
True
Is 1699 a multiple of 2?
False
Is 516 a multiple of 33?
False
Is 8 a factor of 29704?
True
Is 4639 a multiple of 6?
False
Does 30 divide 42986?
False
Is 5779 a multiple of 7?
False
Is 5 a factor of 65?
True
Is 10 a factor of 210?
True
Does 14 divide 1041?
False
Is 1976 a multiple of 104?
True
Is 3150 a multiple of 45?
True
Does 69 divide 2829?
True
Is 1843 a multiple of 22?
False
Is 2070 a multiple of 45?
True
Is 4497 a multiple of 2?
False
Is 38285 a multiple of 65?
True
Is 261 a multiple of 3?
True
Is 4 a factor of 56?
True
Is 45 a factor of 6196?
False
Does 295 divide 13952?
False
Is 5344 a multiple of 8?
True
Is 22 a factor of 74730?
False
Is 765 a multiple of 22?
False
Does 6 divide 384?
True
Is 6570 a multiple of 10?
True
Does 181 divide 13575?
True
Is 3046 a multiple of 13?
False
Is 14 a factor of 2122?
False
Does 45 divide 1807?
False
Is 33 a factor of 6232?
False
Does 8 divide 2328?
True
Does 79 divide 79?
True
Is 8190 a multiple of 6?
True
Is 2836 a multiple of 22?
False
Is 30 a factor of 7080?
True
Is 407 a multiple of 8?
False
Is 223 a factor of 5889?
False
Is 130 a factor of 24825?
False
Does 4 divide 1768?
True
Does 84 divide 526?
False
Is 53156 a multiple of 166?
False
Does 17 divide 1451?
False
Is 37596 a multiple of 16?
False
Is 31 even?
False
Is 30 a factor of 1290?
True
Is 1511 a multiple of 11?
False
Is 31 a factor of 992?
True
Does 81 divide 10125?
True
Is 9 a factor of 783?
True
Is 1149 a multiple of 10?
False
Is 35 a factor of 420?
True
Is 117 a factor of 5003?
False
Is 2531 a multiple of 20?
False
Does 11 divide 473?
True
Does 14 divide 1904?
True
Does 6 divide 748?
False
Is 6 a factor of 397?
False
Does 14 divide 12584?
False
Does 29 divide 1044?
True
Is 545 a multiple of 5?
True
Is 27 a factor of 378?
True
Is 31 a factor of 93?
True
Is 5340 a multiple of 10?
True
Does 19 divide 24164?
False
Is 18762 a multiple of 118?
True
Does 14 divide 254?
False
Is 45 a factor of 35685?
True
Is 160 a multiple of 16?
True
Is 54168 a multiple of 183?
True
Does 71 divide 2982?
True
Does 36 divide 540?
True
Is 3168 a multiple of 176?
True
Is 13 a factor of 7592?
True
Is 3222 a multiple of 43?
False
Is 66 a factor of 96827?
False
Does 11 divide 1067?
True
Does 50 divide 1600?
True
Is 88 a factor of 801?
False
Is 56 a factor of 47208?
True
Is 24483 a multiple of 22?
False
Is 51688 a multiple of 182?
True
Is 126 a factor of 2772?
True
Is 698 a multiple of 9?
False
Does 25 divide 8900?
True
Does 60 divide 420?
True
Does 34 divide 68?
True
Does 16 divide 934?
False
Is 961 a multiple of 23?
False
Is 2052 a multiple of 54?
True
Is 6 a factor of 3944?
False
Does 63 divide 125058?
False
Does 12 divide 492?
True
Does 73 divide 13067?
True
Is 12614 a multiple of 106?
True
Is 4 a factor of 155?
False
Is 448 a multiple of 16?
True
Is 225 a multiple of 3?
True
Is 11718 a multiple of 14?
True
Does 4 divide 944?
True
Does 53 divide 1071?
False
Is 26 a factor of 15574?
True
Does 4 divide 16842?
False
Is 1050 a multiple of 6?
True
Is 56 a factor of 590?
False
Is 1806 a multiple of 18?
False
Does 167 divide 64128?
True
Is 106 a multiple of 14?
False
Is 15 a factor of 4965?
True
Is 1136 a multiple of 49?
False
Is 15 a factor of 3840?
True
Is 10 a factor of 264?
False
Is 2 a factor of 188?
True
Is 8910 a multiple of 9?
True
Is 4 a factor of 191?
False
Does 13 divide 18551?
True
Is 140 a factor of 29960?
True
Is 21 a factor of 56491?
False
Does 21 divide 1254?
False
Is 15 a factor of 306?
False
Does 54 divide 17757?
False
Is 42 a factor of 56280?
True
Is 1796 a multiple of 44?
False
Is 19019 a multiple of 77?
True
Is 3 a factor of 8430?
True
Is 4812 a multiple of 12?
True
Is 865 even?
False
Is 89 a factor of 27501?
True
Does 75 divide 63675?
True
Does 11 divide 451?
True
Does 62 divide 40362?
True
Does 153 divide 18360?
True
Does 3 divide 8963?
False
Is 28 a factor of 416?
False
Does 26 divide 10088?
True
Is 9687 a multiple of 8?
False
Does 55 divide 2035?
True
Does 19 divide 1691?
True
Is 6510 a multiple of 14?
True
Does 51 divide 14433?
True
Is 43 a factor of 1589?
False
Is 15 a factor of 34395?
True
Is 34074 a multiple of 9?
True
Is 3802 a multiple of 31?
False
Does 15 divide 31416?
False
Does 10 divide 460?
True
Is 75 a multiple of 75?
True
Is 62 a factor of 369?
False
Does 43 divide 516?
True
Is 9 a factor of 194?
False
Is 15 a factor of 4978?
False
Is 892 a multiple of 23?
False
Doe